{"id":11,"date":"2012-10-07T10:55:55","date_gmt":"2012-10-07T08:55:55","guid":{"rendered":"http:\/\/unique-bicycles.de\/?page_id=11"},"modified":"2018-05-25T09:02:38","modified_gmt":"2018-05-25T07:02:38","slug":"impressum","status":"publish","type":"page","link":"https:\/\/unique-bicycles.de\/?page_id=11","title":{"rendered":"Impressum"},"content":{"rendered":"<h3>Haftungsausschluss<\/h3>\n<p>Trotz inhaltlicher Kontrolle \u00fcbernehmen wir keine Haftung f\u00fcr die Inhalte externer Links. F\u00fcr den Inhalt der verlinkten Seiten sind ausschlie\u00dflich deren Betreiber verantwortlich. Alle innerhalb des Internetangebotes genannten und ggf. durch Dritte gesch\u00fctzten Marken- und Warenzeichen unterliegen uneingeschr\u00e4nkt den Bestimmungen des jeweils g\u00fcltigen Kennzeichenrechts und den Besitzrechten der jeweiligen eingetragenen Eigent\u00fcmer. Allein aufgrund der blo\u00dfen Nennung ist nicht der Schluss zu ziehen, dass Markenzeichen nicht durch Rechte Dritter gesch\u00fctzt sind!<\/p>\n<p>Alle Texte, Bilder und sonstige Materialien \u00a9 2018<strong> UNIQUE Bicycles, S\u00f6ren Marx<\/strong>. Nutzung nur zu Informationszwecken erlaubt.<\/p>\n<p>&nbsp;<\/p>\n","protected":false},"excerpt":{"rendered":"<h3>Adresse<\/h3>\n<p>S\u00f6ren Marx<br \/>B\u00fcrgerstra\u00dfe 6<br \/>04279 Leipzig<\/p>\n<p>t: 0152 &#8211; 23068245<br \/>e: kontakt@unique-bicycles.de<br \/>w: <a title=\"UNIQUE Bicycles\" href=\"http:\/\/www.unique-bicycles.de\">www.unique-bicycles.de<\/a><\/p>\n<p>Steuernummer: 231\/247\/04294<\/p>\n<p>Handwerkskammer Leipzig<\/p>\n","protected":false},"author":1,"featured_media":0,"parent":0,"menu_order":0,"comment_status":"open","ping_status":"open","template":"","meta":{"footnotes":""},"class_list":["post-11","page","type-page","status-publish","hentry"],"_links":{"self":[{"href":"https:\/\/unique-bicycles.de\/index.php?rest_route=\/wp\/v2\/pages\/11","targetHints":{"allow":["GET"]}}],"collection":[{"href":"https:\/\/unique-bicycles.de\/index.php?rest_route=\/wp\/v2\/pages"}],"about":[{"href":"https:\/\/unique-bicycles.de\/index.php?rest_route=\/wp\/v2\/types\/page"}],"author":[{"embeddable":true,"href":"https:\/\/unique-bicycles.de\/index.php?rest_route=\/wp\/v2\/users\/1"}],"replies":[{"embeddable":true,"href":"https:\/\/unique-bicycles.de\/index.php?rest_route=%2Fwp%2Fv2%2Fcomments&post=11"}],"version-history":[{"count":33,"href":"https:\/\/unique-bicycles.de\/index.php?rest_route=\/wp\/v2\/pages\/11\/revisions"}],"predecessor-version":[{"id":498,"href":"https:\/\/unique-bicycles.de\/index.php?rest_route=\/wp\/v2\/pages\/11\/revisions\/498"}],"wp:attachment":[{"href":"https:\/\/unique-bicycles.de\/index.php?rest_route=%2Fwp%2Fv2%2Fmedia&parent=11"}],"curies":[{"name":"wp","href":"https:\/\/api.w.org\/{rel}","templated":true}]}}